{"id":1437,"date":"2019-08-20T18:03:25","date_gmt":"2019-08-20T16:03:25","guid":{"rendered":"http:\/\/www.pringueycessac-charlotte.com\/site\/?page_id=1437"},"modified":"2025-07-08T18:49:29","modified_gmt":"2025-07-08T16:49:29","slug":"2016-speranza-vent-des-forets","status":"publish","type":"page","link":"http:\/\/www.pringueycessac-charlotte.com\/site\/installation\/2016-speranza-vent-des-forets\/","title":{"rendered":"2016 Speranza &#8211; Vent Des Forets"},"content":{"rendered":"\n<p class=\"has-text-align-right\"><strong><a href=\"http:\/\/www.pringueycessac-charlotte.com\/site\/installation\/\">Retour<\/a><\/strong><\/p>\n\n\n\n<p class=\"has-medium-font-size\">2016 &#8211; Speranza <\/p>\n\n\n\n\n\n<div class=\"ngg-galleryoverview ngg-slideshow\"\n\t id=\"ngg-slideshow-06d7a43fedb7386063e04b371a61c9dd-21143167280\"\n     data-gallery-id=\"06d7a43fedb7386063e04b371a61c9dd\"\n     style=\"max-width: 750px; max-height: 500px;\">\n\n \t<div id=\"ngg-image-0\" class=\"ngg-gallery-slideshow-image\" style=\"height:500px\">\n\n        <a href=\"http:\/\/www.pringueycessac-charlotte.com\/site\/wp-content\/gallery\/sperenza\/sperenza2.jpg\"\n           title=\"\"\n           data-src=\"http:\/\/www.pringueycessac-charlotte.com\/site\/wp-content\/gallery\/sperenza\/sperenza2.jpg\"\n           data-thumbnail=\"http:\/\/www.pringueycessac-charlotte.com\/site\/wp-content\/gallery\/sperenza\/thumbs\/thumbs_sperenza2.jpg\"\n           data-image-id=\"309\"\n           data-title=\"sperenza2\"\n           data-description=\"\"\n           class=\"ngg-simplelightbox\" rel=\"06d7a43fedb7386063e04b371a61c9dd\">\n\n            <img data-image-id='309'\n                 title=\"\"\n                 alt=\"sperenza2\"\n                 src=\"http:\/\/www.pringueycessac-charlotte.com\/site\/wp-content\/gallery\/sperenza\/sperenza2.jpg\"\n                 style=\"max-height: 480px;\"\/>\n        <\/a>\n\n        <\/div> \n<div id=\"ngg-image-1\" class=\"ngg-gallery-slideshow-image\" style=\"height:500px\">\n\n        <a href=\"http:\/\/www.pringueycessac-charlotte.com\/site\/wp-content\/gallery\/sperenza\/sperenza1.jpg\"\n           title=\"\"\n           data-src=\"http:\/\/www.pringueycessac-charlotte.com\/site\/wp-content\/gallery\/sperenza\/sperenza1.jpg\"\n           data-thumbnail=\"http:\/\/www.pringueycessac-charlotte.com\/site\/wp-content\/gallery\/sperenza\/thumbs\/thumbs_sperenza1.jpg\"\n           data-image-id=\"311\"\n           data-title=\"sperenza1\"\n           data-description=\"\"\n           class=\"ngg-simplelightbox\" rel=\"06d7a43fedb7386063e04b371a61c9dd\">\n\n            <img data-image-id='311'\n                 title=\"\"\n                 alt=\"sperenza1\"\n                 src=\"http:\/\/www.pringueycessac-charlotte.com\/site\/wp-content\/gallery\/sperenza\/sperenza1.jpg\"\n                 style=\"max-height: 480px;\"\/>\n        <\/a>\n\n        <\/div> \n<div id=\"ngg-image-2\" class=\"ngg-gallery-slideshow-image\" style=\"height:500px\">\n\n        <a href=\"http:\/\/www.pringueycessac-charlotte.com\/site\/wp-content\/gallery\/sperenza\/sperenza3.jpg\"\n           title=\"\"\n           data-src=\"http:\/\/www.pringueycessac-charlotte.com\/site\/wp-content\/gallery\/sperenza\/sperenza3.jpg\"\n           data-thumbnail=\"http:\/\/www.pringueycessac-charlotte.com\/site\/wp-content\/gallery\/sperenza\/thumbs\/thumbs_sperenza3.jpg\"\n           data-image-id=\"310\"\n           data-title=\"sperenza3\"\n           data-description=\"\"\n           class=\"ngg-simplelightbox\" rel=\"06d7a43fedb7386063e04b371a61c9dd\">\n\n            <img data-image-id='310'\n                 title=\"\"\n                 alt=\"sperenza3\"\n                 src=\"http:\/\/www.pringueycessac-charlotte.com\/site\/wp-content\/gallery\/sperenza\/sperenza3.jpg\"\n                 style=\"max-height: 480px;\"\/>\n        <\/a>\n\n        <\/div> \n<div id=\"ngg-image-3\" class=\"ngg-gallery-slideshow-image\" style=\"height:500px\">\n\n        <a href=\"http:\/\/www.pringueycessac-charlotte.com\/site\/wp-content\/gallery\/sperenza\/ventdesforetsf.jpg\"\n           title=\"Vent des for\u00eats 2019\"\n           data-src=\"http:\/\/www.pringueycessac-charlotte.com\/site\/wp-content\/gallery\/sperenza\/ventdesforetsf.jpg\"\n           data-thumbnail=\"http:\/\/www.pringueycessac-charlotte.com\/site\/wp-content\/gallery\/sperenza\/thumbs\/thumbs_ventdesforetsf.jpg\"\n           data-image-id=\"312\"\n           data-title=\"Vent des for\u00eats 2019\"\n           data-description=\"Vent des for\u00eats 2019\"\n           class=\"ngg-simplelightbox\" rel=\"06d7a43fedb7386063e04b371a61c9dd\">\n\n            <img data-image-id='312'\n                 title=\"Vent des for\u00eats 2019\"\n                 alt=\"Vent des for\u00eats 2019\"\n                 src=\"http:\/\/www.pringueycessac-charlotte.com\/site\/wp-content\/gallery\/sperenza\/ventdesforetsf.jpg\"\n                 style=\"max-height: 480px;\"\/>\n        <\/a>\n\n        <\/div> \n<\/div>\n\n\n\n\n\n\n\n<p>S<em>peranza<\/em><br>Vent des For\u00eats<br>2016<br>Marcaulieu \u2013 Meuse<\/p>\n\n\n\n<p><strong>Speranza (R\u00e9sidence au Vent des For\u00eats \u2013 Juillet 2016)<\/strong><br><br>Num\u00e9ro 204 \u2013 Charlotte Pringuey Cessac ouvre une br\u00e8che de 24m dans une pente d\u00e9gag\u00e9e en for\u00eat qu\u2019elle constelle de centaines de blocs de charbon de bois. La mati\u00e8re premi\u00e8re noire, calcin\u00e9e qui affleure le sol dessine de loin une train\u00e9e, un filon. Les formes oblongues taill\u00e9es aux reflets naturels palpitent au c\u0153ur de cette faille, invitent \u00e0 une arch\u00e9ologie primitive et sensible, t\u00e9moignent des forces telluriques et humaines \u00e0 l\u2019\u0153uvre dans Speranza.<br><br><strong> Marie-C\u00e9line HENRY<br> Critique d\u2019art<\/strong><\/p>\n\n\n\n<p>Lors de ma premi\u00e8re venue au VDF, Pascal Yonet et Romain Barr\u00e9, son assistant, m\u2019emm\u00e8nent \u00e0 l\u2019usine de CarboFrance \u00e0 Montiers-Sur-Saulx dirig\u00e9e par Nad\u00e8ge Simon. Elle me fait visiter l\u2019usine et j\u2019y d\u00e9couvre les incuits (gros blocs de bois carbonis\u00e9s de mani\u00e8re incompl\u00e8te). Inaptes \u00e0 la vente et pourtant si pr\u00e9cieux une fois fa\u00e7onn\u00e9s, les incuits me paraissent \u00eatre une \u00e9vidence. <br> Imm\u00e9diatement, je veux \u00abjouer\u00bb avec ces \u00abrebuts\u00bb, v\u00e9ritable d\u00e9couverte dans cette usine.<br> L\u2019id\u00e9e de la faille, de la d\u00e9coupe nette dans la chair de la terre, s\u2019impose pour g\u00e9n\u00e9rer une ligne simple et franche en pleine for\u00eat.<br> \u00abVendredi ou Les Limbes du Pacifique\u00bb de Michel Tournier est l\u2019origine litt\u00e9raire de cette faille. C\u2019est le lien fort et charnel de Robinson avec la nature, avec l\u2019\u00eele elle-m\u00eame, Speranza, qui nourrira le projet jusqu\u2019\u00e0 lui donner son titre.<br> J\u2019aborde la sculpture en \u00abcreux\u00bb, dans le mat\u00e9riau de la terre, afin d\u2019excaver un paysage int\u00e9rieur, intime et foisonnant de mati\u00e8res noires color\u00e9es.<\/p>\n\n\n\n\n\n<div class=\"ngg-galleryoverview ngg-slideshow\"\n\t id=\"ngg-slideshow-d37e1e9fb980c43fd102be0426861364-7591529100\"\n     data-gallery-id=\"d37e1e9fb980c43fd102be0426861364\"\n     style=\"max-width: 750px; max-height: 500px;\">\n\n \t<div id=\"ngg-image-0\" class=\"ngg-gallery-slideshow-image\" style=\"height:500px\">\n\n        <a href=\"http:\/\/www.pringueycessac-charlotte.com\/site\/wp-content\/gallery\/sperenza-croquis\/ventdesforetsb.jpg\"\n           title=\"2016 - Speranza - Vent des For\u00eats - Dessin pr\u00e9paratoire \u2013 1\"\n           data-src=\"http:\/\/www.pringueycessac-charlotte.com\/site\/wp-content\/gallery\/sperenza-croquis\/ventdesforetsb.jpg\"\n           data-thumbnail=\"http:\/\/www.pringueycessac-charlotte.com\/site\/wp-content\/gallery\/sperenza-croquis\/thumbs\/thumbs_ventdesforetsb.jpg\"\n           data-image-id=\"306\"\n           data-title=\"2016 - Speranza - Vent des For\u00eats - Dessin pr\u00e9paratoire \u2013 1\"\n           data-description=\"2016 - Speranza - Vent des For\u00eats - Dessin pr\u00e9paratoire \u2013 1\"\n           class=\"ngg-simplelightbox\" rel=\"d37e1e9fb980c43fd102be0426861364\">\n\n            <img data-image-id='306'\n                 title=\"2016 - Speranza - Vent des For\u00eats - Dessin pr\u00e9paratoire \u2013 1\"\n                 alt=\"2016 - Speranza - Vent des For\u00eats - Dessin pr\u00e9paratoire \u2013 1\"\n                 src=\"http:\/\/www.pringueycessac-charlotte.com\/site\/wp-content\/gallery\/sperenza-croquis\/ventdesforetsb.jpg\"\n                 style=\"max-height: 480px;\"\/>\n        <\/a>\n\n        <\/div> \n<div id=\"ngg-image-1\" class=\"ngg-gallery-slideshow-image\" style=\"height:500px\">\n\n        <a href=\"http:\/\/www.pringueycessac-charlotte.com\/site\/wp-content\/gallery\/sperenza-croquis\/ventdesforetsc.jpg\"\n           title=\"2016 - Speranza - Vent des For\u00eats - Dessin pr\u00e9paratoire \u2013 2\"\n           data-src=\"http:\/\/www.pringueycessac-charlotte.com\/site\/wp-content\/gallery\/sperenza-croquis\/ventdesforetsc.jpg\"\n           data-thumbnail=\"http:\/\/www.pringueycessac-charlotte.com\/site\/wp-content\/gallery\/sperenza-croquis\/thumbs\/thumbs_ventdesforetsc.jpg\"\n           data-image-id=\"307\"\n           data-title=\"2016 - Speranza - Vent des For\u00eats - Dessin pr\u00e9paratoire \u2013 2\"\n           data-description=\"2016 - Speranza - Vent des For\u00eats - Dessin pr\u00e9paratoire \u2013 2\"\n           class=\"ngg-simplelightbox\" rel=\"d37e1e9fb980c43fd102be0426861364\">\n\n            <img data-image-id='307'\n                 title=\"2016 - Speranza - Vent des For\u00eats - Dessin pr\u00e9paratoire \u2013 2\"\n                 alt=\"2016 - Speranza - Vent des For\u00eats - Dessin pr\u00e9paratoire \u2013 2\"\n                 src=\"http:\/\/www.pringueycessac-charlotte.com\/site\/wp-content\/gallery\/sperenza-croquis\/ventdesforetsc.jpg\"\n                 style=\"max-height: 480px;\"\/>\n        <\/a>\n\n        <\/div> \n<div id=\"ngg-image-2\" class=\"ngg-gallery-slideshow-image\" style=\"height:500px\">\n\n        <a href=\"http:\/\/www.pringueycessac-charlotte.com\/site\/wp-content\/gallery\/sperenza-croquis\/ventdesforetsd.jpg\"\n           title=\"2016 - Speranza - Vent des For\u00eats - Dessin pr\u00e9paratoire \u2013 3\"\n           data-src=\"http:\/\/www.pringueycessac-charlotte.com\/site\/wp-content\/gallery\/sperenza-croquis\/ventdesforetsd.jpg\"\n           data-thumbnail=\"http:\/\/www.pringueycessac-charlotte.com\/site\/wp-content\/gallery\/sperenza-croquis\/thumbs\/thumbs_ventdesforetsd.jpg\"\n           data-image-id=\"308\"\n           data-title=\"2016 - Speranza - Vent des For\u00eats - Dessin pr\u00e9paratoire \u2013 3\"\n           data-description=\"2016 - Speranza - Vent des For\u00eats - Dessin pr\u00e9paratoire \u2013 3\"\n           class=\"ngg-simplelightbox\" rel=\"d37e1e9fb980c43fd102be0426861364\">\n\n            <img data-image-id='308'\n                 title=\"2016 - Speranza - Vent des For\u00eats - Dessin pr\u00e9paratoire \u2013 3\"\n                 alt=\"2016 - Speranza - Vent des For\u00eats - Dessin pr\u00e9paratoire \u2013 3\"\n                 src=\"http:\/\/www.pringueycessac-charlotte.com\/site\/wp-content\/gallery\/sperenza-croquis\/ventdesforetsd.jpg\"\n                 style=\"max-height: 480px;\"\/>\n        <\/a>\n\n        <\/div> \n<div id=\"ngg-image-3\" class=\"ngg-gallery-slideshow-image\" style=\"height:500px\">\n\n        <a href=\"http:\/\/www.pringueycessac-charlotte.com\/site\/wp-content\/gallery\/sperenza-croquis\/ventdesforets.jpg\"\n           title=\"2016 - Atelier de Dominique Rennesson - Travail en cours\"\n           data-src=\"http:\/\/www.pringueycessac-charlotte.com\/site\/wp-content\/gallery\/sperenza-croquis\/ventdesforets.jpg\"\n           data-thumbnail=\"http:\/\/www.pringueycessac-charlotte.com\/site\/wp-content\/gallery\/sperenza-croquis\/thumbs\/thumbs_ventdesforets.jpg\"\n           data-image-id=\"313\"\n           data-title=\"2016 - Atelier de Dominique Rennesson - Travail en cours\"\n           data-description=\"2016 - Atelier de Dominique Rennesson - Travail en cours\"\n           class=\"ngg-simplelightbox\" rel=\"d37e1e9fb980c43fd102be0426861364\">\n\n            <img data-image-id='313'\n                 title=\"2016 - Atelier de Dominique Rennesson - Travail en cours\"\n                 alt=\"2016 - Atelier de Dominique Rennesson - Travail en cours\"\n                 src=\"http:\/\/www.pringueycessac-charlotte.com\/site\/wp-content\/gallery\/sperenza-croquis\/ventdesforets.jpg\"\n                 style=\"max-height: 480px;\"\/>\n        <\/a>\n\n        <\/div> \n<\/div>\n\n\n\n\n","protected":false},"excerpt":{"rendered":"<p>Retour 2016 &#8211; Speranza SperanzaVent des For\u00eats2016Marcaulieu \u2013 Meuse Speranza&#8230;<\/p>\n","protected":false},"author":1,"featured_media":0,"parent":888,"menu_order":0,"comment_status":"closed","ping_status":"closed","template":"","meta":{"ngg_post_thumbnail":0},"yoast_head":"<!-- This site is optimized with the Yoast SEO plugin v18.8 - https:\/\/yoast.com\/wordpress\/plugins\/seo\/ -->\n<title>2016 Speranza - Vent Des Forets - Charlotte PRINGUEY CESSAC<\/title>\n<meta name=\"description\" content=\"Charlotte Pringuey-Cessac, installation 2016 - Speranza - r\u00e9sidence au Vent des For\u00eats - Num\u00e9ro 204 \u2013 Charlotte Pringuey-Cessac ouvre une br\u00e8che de 24m...\" \/>\n<meta name=\"robots\" content=\"index, follow, max-snippet:-1, max-image-preview:large, max-video-preview:-1\" \/>\n<link rel=\"canonical\" href=\"http:\/\/www.pringueycessac-charlotte.com\/site\/installation\/2016-speranza-vent-des-forets\/\" \/>\n<meta property=\"og:locale\" content=\"fr_FR\" \/>\n<meta property=\"og:type\" content=\"article\" \/>\n<meta property=\"og:title\" content=\"2016 Speranza - Vent Des Forets - Charlotte PRINGUEY CESSAC\" \/>\n<meta property=\"og:description\" content=\"Charlotte Pringuey-Cessac, installation 2016 - Speranza - r\u00e9sidence au Vent des For\u00eats - Num\u00e9ro 204 \u2013 Charlotte Pringuey-Cessac ouvre une br\u00e8che de 24m...\" \/>\n<meta property=\"og:url\" content=\"http:\/\/www.pringueycessac-charlotte.com\/site\/installation\/2016-speranza-vent-des-forets\/\" \/>\n<meta property=\"og:site_name\" content=\"Charlotte PRINGUEY CESSAC\" \/>\n<meta property=\"article:modified_time\" content=\"2025-07-08T16:49:29+00:00\" \/>\n<meta name=\"twitter:card\" content=\"summary_large_image\" \/>\n<meta name=\"twitter:label1\" content=\"Dur\u00e9e de lecture estim\u00e9e\" \/>\n\t<meta name=\"twitter:data1\" content=\"2 minutes\" \/>\n<script type=\"application\/ld+json\" class=\"yoast-schema-graph\">{\"@context\":\"https:\/\/schema.org\",\"@graph\":[{\"@type\":[\"Person\",\"Organization\"],\"@id\":\"http:\/\/www.pringueycessac-charlotte.com\/site\/#\/schema\/person\/80712bc6db2643df3376809312d54ef6\",\"name\":\"Charlotte Pringuey-Cessac\",\"image\":{\"@type\":\"ImageObject\",\"inLanguage\":\"fr-FR\",\"@id\":\"http:\/\/www.pringueycessac-charlotte.com\/site\/#\/schema\/person\/image\/\",\"url\":\"http:\/\/0.gravatar.com\/avatar\/f9425e6f5e44c33da515b06f92bf6ac3?s=96&d=mm&r=g\",\"contentUrl\":\"http:\/\/0.gravatar.com\/avatar\/f9425e6f5e44c33da515b06f92bf6ac3?s=96&d=mm&r=g\",\"caption\":\"Charlotte Pringuey-Cessac\"},\"logo\":{\"@id\":\"http:\/\/www.pringueycessac-charlotte.com\/site\/#\/schema\/person\/image\/\"}},{\"@type\":\"WebSite\",\"@id\":\"http:\/\/www.pringueycessac-charlotte.com\/site\/#website\",\"url\":\"http:\/\/www.pringueycessac-charlotte.com\/site\/\",\"name\":\"Charlotte PRINGUEY-CESSAC\",\"description\":\"\",\"publisher\":{\"@id\":\"http:\/\/www.pringueycessac-charlotte.com\/site\/#\/schema\/person\/80712bc6db2643df3376809312d54ef6\"},\"potentialAction\":[{\"@type\":\"SearchAction\",\"target\":{\"@type\":\"EntryPoint\",\"urlTemplate\":\"http:\/\/www.pringueycessac-charlotte.com\/site\/?s={search_term_string}\"},\"query-input\":\"required name=search_term_string\"}],\"inLanguage\":\"fr-FR\"},{\"@type\":\"WebPage\",\"@id\":\"http:\/\/www.pringueycessac-charlotte.com\/site\/installation\/2016-speranza-vent-des-forets\/#webpage\",\"url\":\"http:\/\/www.pringueycessac-charlotte.com\/site\/installation\/2016-speranza-vent-des-forets\/\",\"name\":\"2016 Speranza - Vent Des Forets - Charlotte PRINGUEY CESSAC\",\"isPartOf\":{\"@id\":\"http:\/\/www.pringueycessac-charlotte.com\/site\/#website\"},\"datePublished\":\"2019-08-20T16:03:25+00:00\",\"dateModified\":\"2025-07-08T16:49:29+00:00\",\"description\":\"Charlotte Pringuey-Cessac, installation 2016 - Speranza - r\u00e9sidence au Vent des For\u00eats - Num\u00e9ro 204 \u2013 Charlotte Pringuey-Cessac ouvre une br\u00e8che de 24m...\",\"breadcrumb\":{\"@id\":\"http:\/\/www.pringueycessac-charlotte.com\/site\/installation\/2016-speranza-vent-des-forets\/#breadcrumb\"},\"inLanguage\":\"fr-FR\",\"potentialAction\":[{\"@type\":\"ReadAction\",\"target\":[\"http:\/\/www.pringueycessac-charlotte.com\/site\/installation\/2016-speranza-vent-des-forets\/\"]}]},{\"@type\":\"BreadcrumbList\",\"@id\":\"http:\/\/www.pringueycessac-charlotte.com\/site\/installation\/2016-speranza-vent-des-forets\/#breadcrumb\",\"itemListElement\":[{\"@type\":\"ListItem\",\"position\":1,\"name\":\"Accueil\",\"item\":\"http:\/\/www.pringueycessac-charlotte.com\/site\/\"},{\"@type\":\"ListItem\",\"position\":2,\"name\":\"Installation\",\"item\":\"http:\/\/www.pringueycessac-charlotte.com\/site\/installation\/\"},{\"@type\":\"ListItem\",\"position\":3,\"name\":\"2016 Speranza &#8211; Vent Des Forets\"}]}]}<\/script>\n<!-- \/ Yoast SEO plugin. -->","yoast_head_json":{"title":"2016 Speranza - Vent Des Forets - Charlotte PRINGUEY CESSAC","description":"Charlotte Pringuey-Cessac, installation 2016 - Speranza - r\u00e9sidence au Vent des For\u00eats - Num\u00e9ro 204 \u2013 Charlotte Pringuey-Cessac ouvre une br\u00e8che de 24m...","robots":{"index":"index","follow":"follow","max-snippet":"max-snippet:-1","max-image-preview":"max-image-preview:large","max-video-preview":"max-video-preview:-1"},"canonical":"http:\/\/www.pringueycessac-charlotte.com\/site\/installation\/2016-speranza-vent-des-forets\/","og_locale":"fr_FR","og_type":"article","og_title":"2016 Speranza - Vent Des Forets - Charlotte PRINGUEY CESSAC","og_description":"Charlotte Pringuey-Cessac, installation 2016 - Speranza - r\u00e9sidence au Vent des For\u00eats - Num\u00e9ro 204 \u2013 Charlotte Pringuey-Cessac ouvre une br\u00e8che de 24m...","og_url":"http:\/\/www.pringueycessac-charlotte.com\/site\/installation\/2016-speranza-vent-des-forets\/","og_site_name":"Charlotte PRINGUEY CESSAC","article_modified_time":"2025-07-08T16:49:29+00:00","twitter_card":"summary_large_image","twitter_misc":{"Dur\u00e9e de lecture estim\u00e9e":"2 minutes"},"schema":{"@context":"https:\/\/schema.org","@graph":[{"@type":["Person","Organization"],"@id":"http:\/\/www.pringueycessac-charlotte.com\/site\/#\/schema\/person\/80712bc6db2643df3376809312d54ef6","name":"Charlotte Pringuey-Cessac","image":{"@type":"ImageObject","inLanguage":"fr-FR","@id":"http:\/\/www.pringueycessac-charlotte.com\/site\/#\/schema\/person\/image\/","url":"http:\/\/0.gravatar.com\/avatar\/f9425e6f5e44c33da515b06f92bf6ac3?s=96&d=mm&r=g","contentUrl":"http:\/\/0.gravatar.com\/avatar\/f9425e6f5e44c33da515b06f92bf6ac3?s=96&d=mm&r=g","caption":"Charlotte Pringuey-Cessac"},"logo":{"@id":"http:\/\/www.pringueycessac-charlotte.com\/site\/#\/schema\/person\/image\/"}},{"@type":"WebSite","@id":"http:\/\/www.pringueycessac-charlotte.com\/site\/#website","url":"http:\/\/www.pringueycessac-charlotte.com\/site\/","name":"Charlotte PRINGUEY-CESSAC","description":"","publisher":{"@id":"http:\/\/www.pringueycessac-charlotte.com\/site\/#\/schema\/person\/80712bc6db2643df3376809312d54ef6"},"potentialAction":[{"@type":"SearchAction","target":{"@type":"EntryPoint","urlTemplate":"http:\/\/www.pringueycessac-charlotte.com\/site\/?s={search_term_string}"},"query-input":"required name=search_term_string"}],"inLanguage":"fr-FR"},{"@type":"WebPage","@id":"http:\/\/www.pringueycessac-charlotte.com\/site\/installation\/2016-speranza-vent-des-forets\/#webpage","url":"http:\/\/www.pringueycessac-charlotte.com\/site\/installation\/2016-speranza-vent-des-forets\/","name":"2016 Speranza - Vent Des Forets - Charlotte PRINGUEY CESSAC","isPartOf":{"@id":"http:\/\/www.pringueycessac-charlotte.com\/site\/#website"},"datePublished":"2019-08-20T16:03:25+00:00","dateModified":"2025-07-08T16:49:29+00:00","description":"Charlotte Pringuey-Cessac, installation 2016 - Speranza - r\u00e9sidence au Vent des For\u00eats - Num\u00e9ro 204 \u2013 Charlotte Pringuey-Cessac ouvre une br\u00e8che de 24m...","breadcrumb":{"@id":"http:\/\/www.pringueycessac-charlotte.com\/site\/installation\/2016-speranza-vent-des-forets\/#breadcrumb"},"inLanguage":"fr-FR","potentialAction":[{"@type":"ReadAction","target":["http:\/\/www.pringueycessac-charlotte.com\/site\/installation\/2016-speranza-vent-des-forets\/"]}]},{"@type":"BreadcrumbList","@id":"http:\/\/www.pringueycessac-charlotte.com\/site\/installation\/2016-speranza-vent-des-forets\/#breadcrumb","itemListElement":[{"@type":"ListItem","position":1,"name":"Accueil","item":"http:\/\/www.pringueycessac-charlotte.com\/site\/"},{"@type":"ListItem","position":2,"name":"Installation","item":"http:\/\/www.pringueycessac-charlotte.com\/site\/installation\/"},{"@type":"ListItem","position":3,"name":"2016 Speranza &#8211; Vent Des Forets"}]}]}},"_links":{"self":[{"href":"http:\/\/www.pringueycessac-charlotte.com\/site\/wp-json\/wp\/v2\/pages\/1437"}],"collection":[{"href":"http:\/\/www.pringueycessac-charlotte.com\/site\/wp-json\/wp\/v2\/pages"}],"about":[{"href":"http:\/\/www.pringueycessac-charlotte.com\/site\/wp-json\/wp\/v2\/types\/page"}],"author":[{"embeddable":true,"href":"http:\/\/www.pringueycessac-charlotte.com\/site\/wp-json\/wp\/v2\/users\/1"}],"replies":[{"embeddable":true,"href":"http:\/\/www.pringueycessac-charlotte.com\/site\/wp-json\/wp\/v2\/comments?post=1437"}],"version-history":[{"count":13,"href":"http:\/\/www.pringueycessac-charlotte.com\/site\/wp-json\/wp\/v2\/pages\/1437\/revisions"}],"predecessor-version":[{"id":3220,"href":"http:\/\/www.pringueycessac-charlotte.com\/site\/wp-json\/wp\/v2\/pages\/1437\/revisions\/3220"}],"up":[{"embeddable":true,"href":"http:\/\/www.pringueycessac-charlotte.com\/site\/wp-json\/wp\/v2\/pages\/888"}],"wp:attachment":[{"href":"http:\/\/www.pringueycessac-charlotte.com\/site\/wp-json\/wp\/v2\/media?parent=1437"}],"curies":[{"name":"wp","href":"https:\/\/api.w.org\/{rel}","templated":true}]}}