{"id":1475,"date":"2019-08-20T18:35:57","date_gmt":"2019-08-20T16:35:57","guid":{"rendered":"http:\/\/www.pringueycessac-charlotte.com\/site\/?page_id=1475"},"modified":"2025-07-08T17:31:26","modified_gmt":"2025-07-08T15:31:26","slug":"2012-melancolia-i","status":"publish","type":"page","link":"http:\/\/www.pringueycessac-charlotte.com\/site\/sculpture-2\/2012-melancolia-i\/","title":{"rendered":"2012 Melancolia I"},"content":{"rendered":"\n<p class=\"has-text-align-right\"><strong><a href=\"http:\/\/www.pringueycessac-charlotte.com\/site\/sculpture-2\/\">Retour<\/a><\/strong><\/p>\n\n\n\n<p class=\"has-medium-font-size\">2012 &#8211; Melancolia I &#8211; La Foresti\u00e8re du Nord &#8211; R\u00e9sidence en Lituanie<\/p>\n\n\n\n<div class=\"wp-block-image\"><figure class=\"aligncenter\"><img loading=\"lazy\" width=\"472\" height=\"625\" src=\"http:\/\/www.pringueycessac-charlotte.com\/site\/wp-content\/uploads\/2019\/08\/melancolia1.jpg\" alt=\"\" class=\"wp-image-1476\" srcset=\"http:\/\/www.pringueycessac-charlotte.com\/site\/wp-content\/uploads\/2019\/08\/melancolia1.jpg 472w, http:\/\/www.pringueycessac-charlotte.com\/site\/wp-content\/uploads\/2019\/08\/melancolia1-227x300.jpg 227w\" sizes=\"(max-width: 472px) 100vw, 472px\" \/><\/figure><\/div>\n\n\n\n<p><em>Melencolia I<\/em><br>2012<br>Sculpture en ch\u00eane carbonis\u00e9<br>R\u00e9sidence en Lituanie<\/p>\n","protected":false},"excerpt":{"rendered":"<p>Retour 2012 &#8211; Melancolia I &#8211; La Foresti\u00e8re du Nord&#8230;<\/p>\n","protected":false},"author":1,"featured_media":0,"parent":1453,"menu_order":0,"comment_status":"closed","ping_status":"closed","template":"","meta":{"ngg_post_thumbnail":0},"yoast_head":"<!-- This site is optimized with the Yoast SEO plugin v18.8 - https:\/\/yoast.com\/wordpress\/plugins\/seo\/ -->\n<title>2012 Melancolia I - Charlotte PRINGUEY CESSAC<\/title>\n<meta name=\"description\" content=\"Charlotte Pringuey-Cessac, sculpture, 2012 - Melancolia - Sculpture en ch\u00eane carbonis\u00e9 - R\u00e9sidence en Lituanie\" \/>\n<meta name=\"robots\" content=\"index, follow, max-snippet:-1, max-image-preview:large, max-video-preview:-1\" \/>\n<link rel=\"canonical\" href=\"http:\/\/www.pringueycessac-charlotte.com\/site\/sculpture-2\/2012-melancolia-i\/\" \/>\n<meta property=\"og:locale\" content=\"fr_FR\" \/>\n<meta property=\"og:type\" content=\"article\" \/>\n<meta property=\"og:title\" content=\"2012 Melancolia I - Charlotte PRINGUEY CESSAC\" \/>\n<meta property=\"og:description\" content=\"Charlotte Pringuey-Cessac, sculpture, 2012 - Melancolia - Sculpture en ch\u00eane carbonis\u00e9 - R\u00e9sidence en Lituanie\" \/>\n<meta property=\"og:url\" content=\"http:\/\/www.pringueycessac-charlotte.com\/site\/sculpture-2\/2012-melancolia-i\/\" \/>\n<meta property=\"og:site_name\" content=\"Charlotte PRINGUEY CESSAC\" \/>\n<meta property=\"article:modified_time\" content=\"2025-07-08T15:31:26+00:00\" \/>\n<meta property=\"og:image\" content=\"http:\/\/www.pringueycessac-charlotte.com\/site\/wp-content\/uploads\/2019\/08\/melancolia1.jpg\" \/>\n<meta name=\"twitter:card\" content=\"summary_large_image\" \/>\n<meta name=\"twitter:label1\" content=\"Dur\u00e9e de lecture estim\u00e9e\" \/>\n\t<meta name=\"twitter:data1\" content=\"1 minute\" \/>\n<script type=\"application\/ld+json\" class=\"yoast-schema-graph\">{\"@context\":\"https:\/\/schema.org\",\"@graph\":[{\"@type\":[\"Person\",\"Organization\"],\"@id\":\"http:\/\/www.pringueycessac-charlotte.com\/site\/#\/schema\/person\/80712bc6db2643df3376809312d54ef6\",\"name\":\"Charlotte Pringuey-Cessac\",\"image\":{\"@type\":\"ImageObject\",\"inLanguage\":\"fr-FR\",\"@id\":\"http:\/\/www.pringueycessac-charlotte.com\/site\/#\/schema\/person\/image\/\",\"url\":\"http:\/\/0.gravatar.com\/avatar\/f9425e6f5e44c33da515b06f92bf6ac3?s=96&d=mm&r=g\",\"contentUrl\":\"http:\/\/0.gravatar.com\/avatar\/f9425e6f5e44c33da515b06f92bf6ac3?s=96&d=mm&r=g\",\"caption\":\"Charlotte Pringuey-Cessac\"},\"logo\":{\"@id\":\"http:\/\/www.pringueycessac-charlotte.com\/site\/#\/schema\/person\/image\/\"}},{\"@type\":\"WebSite\",\"@id\":\"http:\/\/www.pringueycessac-charlotte.com\/site\/#website\",\"url\":\"http:\/\/www.pringueycessac-charlotte.com\/site\/\",\"name\":\"Charlotte PRINGUEY-CESSAC\",\"description\":\"\",\"publisher\":{\"@id\":\"http:\/\/www.pringueycessac-charlotte.com\/site\/#\/schema\/person\/80712bc6db2643df3376809312d54ef6\"},\"potentialAction\":[{\"@type\":\"SearchAction\",\"target\":{\"@type\":\"EntryPoint\",\"urlTemplate\":\"http:\/\/www.pringueycessac-charlotte.com\/site\/?s={search_term_string}\"},\"query-input\":\"required name=search_term_string\"}],\"inLanguage\":\"fr-FR\"},{\"@type\":\"ImageObject\",\"inLanguage\":\"fr-FR\",\"@id\":\"http:\/\/www.pringueycessac-charlotte.com\/site\/sculpture-2\/2012-melancolia-i\/#primaryimage\",\"url\":\"http:\/\/www.pringueycessac-charlotte.com\/site\/wp-content\/uploads\/2019\/08\/melancolia1.jpg\",\"contentUrl\":\"http:\/\/www.pringueycessac-charlotte.com\/site\/wp-content\/uploads\/2019\/08\/melancolia1.jpg\",\"width\":472,\"height\":625,\"caption\":\"2012 - Melancolia - Sculpture en ch\u00eane carbonis\u00e9 - R\u00e9sidence en Lituanie\"},{\"@type\":\"WebPage\",\"@id\":\"http:\/\/www.pringueycessac-charlotte.com\/site\/sculpture-2\/2012-melancolia-i\/#webpage\",\"url\":\"http:\/\/www.pringueycessac-charlotte.com\/site\/sculpture-2\/2012-melancolia-i\/\",\"name\":\"2012 Melancolia I - Charlotte PRINGUEY CESSAC\",\"isPartOf\":{\"@id\":\"http:\/\/www.pringueycessac-charlotte.com\/site\/#website\"},\"primaryImageOfPage\":{\"@id\":\"http:\/\/www.pringueycessac-charlotte.com\/site\/sculpture-2\/2012-melancolia-i\/#primaryimage\"},\"datePublished\":\"2019-08-20T16:35:57+00:00\",\"dateModified\":\"2025-07-08T15:31:26+00:00\",\"description\":\"Charlotte Pringuey-Cessac, sculpture, 2012 - Melancolia - Sculpture en ch\u00eane carbonis\u00e9 - R\u00e9sidence en Lituanie\",\"breadcrumb\":{\"@id\":\"http:\/\/www.pringueycessac-charlotte.com\/site\/sculpture-2\/2012-melancolia-i\/#breadcrumb\"},\"inLanguage\":\"fr-FR\",\"potentialAction\":[{\"@type\":\"ReadAction\",\"target\":[\"http:\/\/www.pringueycessac-charlotte.com\/site\/sculpture-2\/2012-melancolia-i\/\"]}]},{\"@type\":\"BreadcrumbList\",\"@id\":\"http:\/\/www.pringueycessac-charlotte.com\/site\/sculpture-2\/2012-melancolia-i\/#breadcrumb\",\"itemListElement\":[{\"@type\":\"ListItem\",\"position\":1,\"name\":\"Accueil\",\"item\":\"http:\/\/www.pringueycessac-charlotte.com\/site\/\"},{\"@type\":\"ListItem\",\"position\":2,\"name\":\"Sculpture\",\"item\":\"http:\/\/www.pringueycessac-charlotte.com\/site\/sculpture-2\/\"},{\"@type\":\"ListItem\",\"position\":3,\"name\":\"2012 Melancolia I\"}]}]}<\/script>\n<!-- \/ Yoast SEO plugin. -->","yoast_head_json":{"title":"2012 Melancolia I - Charlotte PRINGUEY CESSAC","description":"Charlotte Pringuey-Cessac, sculpture, 2012 - Melancolia - Sculpture en ch\u00eane carbonis\u00e9 - R\u00e9sidence en Lituanie","robots":{"index":"index","follow":"follow","max-snippet":"max-snippet:-1","max-image-preview":"max-image-preview:large","max-video-preview":"max-video-preview:-1"},"canonical":"http:\/\/www.pringueycessac-charlotte.com\/site\/sculpture-2\/2012-melancolia-i\/","og_locale":"fr_FR","og_type":"article","og_title":"2012 Melancolia I - Charlotte PRINGUEY CESSAC","og_description":"Charlotte Pringuey-Cessac, sculpture, 2012 - Melancolia - Sculpture en ch\u00eane carbonis\u00e9 - R\u00e9sidence en Lituanie","og_url":"http:\/\/www.pringueycessac-charlotte.com\/site\/sculpture-2\/2012-melancolia-i\/","og_site_name":"Charlotte PRINGUEY CESSAC","article_modified_time":"2025-07-08T15:31:26+00:00","og_image":[{"url":"http:\/\/www.pringueycessac-charlotte.com\/site\/wp-content\/uploads\/2019\/08\/melancolia1.jpg"}],"twitter_card":"summary_large_image","twitter_misc":{"Dur\u00e9e de lecture estim\u00e9e":"1 minute"},"schema":{"@context":"https:\/\/schema.org","@graph":[{"@type":["Person","Organization"],"@id":"http:\/\/www.pringueycessac-charlotte.com\/site\/#\/schema\/person\/80712bc6db2643df3376809312d54ef6","name":"Charlotte Pringuey-Cessac","image":{"@type":"ImageObject","inLanguage":"fr-FR","@id":"http:\/\/www.pringueycessac-charlotte.com\/site\/#\/schema\/person\/image\/","url":"http:\/\/0.gravatar.com\/avatar\/f9425e6f5e44c33da515b06f92bf6ac3?s=96&d=mm&r=g","contentUrl":"http:\/\/0.gravatar.com\/avatar\/f9425e6f5e44c33da515b06f92bf6ac3?s=96&d=mm&r=g","caption":"Charlotte Pringuey-Cessac"},"logo":{"@id":"http:\/\/www.pringueycessac-charlotte.com\/site\/#\/schema\/person\/image\/"}},{"@type":"WebSite","@id":"http:\/\/www.pringueycessac-charlotte.com\/site\/#website","url":"http:\/\/www.pringueycessac-charlotte.com\/site\/","name":"Charlotte PRINGUEY-CESSAC","description":"","publisher":{"@id":"http:\/\/www.pringueycessac-charlotte.com\/site\/#\/schema\/person\/80712bc6db2643df3376809312d54ef6"},"potentialAction":[{"@type":"SearchAction","target":{"@type":"EntryPoint","urlTemplate":"http:\/\/www.pringueycessac-charlotte.com\/site\/?s={search_term_string}"},"query-input":"required name=search_term_string"}],"inLanguage":"fr-FR"},{"@type":"ImageObject","inLanguage":"fr-FR","@id":"http:\/\/www.pringueycessac-charlotte.com\/site\/sculpture-2\/2012-melancolia-i\/#primaryimage","url":"http:\/\/www.pringueycessac-charlotte.com\/site\/wp-content\/uploads\/2019\/08\/melancolia1.jpg","contentUrl":"http:\/\/www.pringueycessac-charlotte.com\/site\/wp-content\/uploads\/2019\/08\/melancolia1.jpg","width":472,"height":625,"caption":"2012 - Melancolia - Sculpture en ch\u00eane carbonis\u00e9 - R\u00e9sidence en Lituanie"},{"@type":"WebPage","@id":"http:\/\/www.pringueycessac-charlotte.com\/site\/sculpture-2\/2012-melancolia-i\/#webpage","url":"http:\/\/www.pringueycessac-charlotte.com\/site\/sculpture-2\/2012-melancolia-i\/","name":"2012 Melancolia I - Charlotte PRINGUEY CESSAC","isPartOf":{"@id":"http:\/\/www.pringueycessac-charlotte.com\/site\/#website"},"primaryImageOfPage":{"@id":"http:\/\/www.pringueycessac-charlotte.com\/site\/sculpture-2\/2012-melancolia-i\/#primaryimage"},"datePublished":"2019-08-20T16:35:57+00:00","dateModified":"2025-07-08T15:31:26+00:00","description":"Charlotte Pringuey-Cessac, sculpture, 2012 - Melancolia - Sculpture en ch\u00eane carbonis\u00e9 - R\u00e9sidence en Lituanie","breadcrumb":{"@id":"http:\/\/www.pringueycessac-charlotte.com\/site\/sculpture-2\/2012-melancolia-i\/#breadcrumb"},"inLanguage":"fr-FR","potentialAction":[{"@type":"ReadAction","target":["http:\/\/www.pringueycessac-charlotte.com\/site\/sculpture-2\/2012-melancolia-i\/"]}]},{"@type":"BreadcrumbList","@id":"http:\/\/www.pringueycessac-charlotte.com\/site\/sculpture-2\/2012-melancolia-i\/#breadcrumb","itemListElement":[{"@type":"ListItem","position":1,"name":"Accueil","item":"http:\/\/www.pringueycessac-charlotte.com\/site\/"},{"@type":"ListItem","position":2,"name":"Sculpture","item":"http:\/\/www.pringueycessac-charlotte.com\/site\/sculpture-2\/"},{"@type":"ListItem","position":3,"name":"2012 Melancolia I"}]}]}},"_links":{"self":[{"href":"http:\/\/www.pringueycessac-charlotte.com\/site\/wp-json\/wp\/v2\/pages\/1475"}],"collection":[{"href":"http:\/\/www.pringueycessac-charlotte.com\/site\/wp-json\/wp\/v2\/pages"}],"about":[{"href":"http:\/\/www.pringueycessac-charlotte.com\/site\/wp-json\/wp\/v2\/types\/page"}],"author":[{"embeddable":true,"href":"http:\/\/www.pringueycessac-charlotte.com\/site\/wp-json\/wp\/v2\/users\/1"}],"replies":[{"embeddable":true,"href":"http:\/\/www.pringueycessac-charlotte.com\/site\/wp-json\/wp\/v2\/comments?post=1475"}],"version-history":[{"count":6,"href":"http:\/\/www.pringueycessac-charlotte.com\/site\/wp-json\/wp\/v2\/pages\/1475\/revisions"}],"predecessor-version":[{"id":3158,"href":"http:\/\/www.pringueycessac-charlotte.com\/site\/wp-json\/wp\/v2\/pages\/1475\/revisions\/3158"}],"up":[{"embeddable":true,"href":"http:\/\/www.pringueycessac-charlotte.com\/site\/wp-json\/wp\/v2\/pages\/1453"}],"wp:attachment":[{"href":"http:\/\/www.pringueycessac-charlotte.com\/site\/wp-json\/wp\/v2\/media?parent=1475"}],"curies":[{"name":"wp","href":"https:\/\/api.w.org\/{rel}","templated":true}]}}

<p class="has-text-align-right"><strong><a href="http://www.pringueycessac-charlotte.com/site/sculpture-2/">Retour</a></strong></p>



<p class="has-medium-font-size">2012 &#8211; Melancolia I &#8211; La Forestière du Nord &#8211; Résidence en Lituanie</p>



<div class="wp-block-image"><figure class="aligncenter"><img loading="lazy" width="472" height="625" src="http://www.pringueycessac-charlotte.com/site/wp-content/uploads/2019/08/melancolia1.jpg" alt="" class="wp-image-1476" srcset="http://www.pringueycessac-charlotte.com/site/wp-content/uploads/2019/08/melancolia1.jpg 472w, http://www.pringueycessac-charlotte.com/site/wp-content/uploads/2019/08/melancolia1-227x300.jpg 227w" sizes="(max-width: 472px) 100vw, 472px" /></figure></div>



<p><em>Melencolia I</em><br>2012<br>Sculpture en chêne carbonisé<br>Résidence en Lituanie</p>

<p>Retour 2012 &#8211; Melancolia I &#8211; La Forestière du Nord&#8230;</p>

<!-- This site is optimized with the Yoast SEO plugin v18.8 - https://yoast.com/wordpress/plugins/seo/ -->
<title>2012 Melancolia I - Charlotte PRINGUEY CESSAC</title>
<meta name="description" content="Charlotte Pringuey-Cessac, sculpture, 2012 - Melancolia - Sculpture en chêne carbonisé - Résidence en Lituanie" />
<meta name="robots" content="index, follow, max-snippet:-1, max-image-preview:large, max-video-preview:-1" />
<link rel="canonical" href="http://www.pringueycessac-charlotte.com/site/sculpture-2/2012-melancolia-i/" />
<meta property="og:locale" content="fr_FR" />
<meta property="og:type" content="article" />
<meta property="og:title" content="2012 Melancolia I - Charlotte PRINGUEY CESSAC" />
<meta property="og:description" content="Charlotte Pringuey-Cessac, sculpture, 2012 - Melancolia - Sculpture en chêne carbonisé - Résidence en Lituanie" />
<meta property="og:url" content="http://www.pringueycessac-charlotte.com/site/sculpture-2/2012-melancolia-i/" />
<meta property="og:site_name" content="Charlotte PRINGUEY CESSAC" />
<meta property="article:modified_time" content="2025-07-08T15:31:26+00:00" />
<meta property="og:image" content="http://www.pringueycessac-charlotte.com/site/wp-content/uploads/2019/08/melancolia1.jpg" />
<meta name="twitter:card" content="summary_large_image" />
<meta name="twitter:label1" content="Durée de lecture estimée" />
	<meta name="twitter:data1" content="1 minute" />
<script type="application/ld+json" class="yoast-schema-graph">{"@context":"https://schema.org","@graph":[{"@type":["Person","Organization"],"@id":"http://www.pringueycessac-charlotte.com/site/#/schema/person/80712bc6db2643df3376809312d54ef6","name":"Charlotte Pringuey-Cessac","image":{"@type":"ImageObject","inLanguage":"fr-FR","@id":"http://www.pringueycessac-charlotte.com/site/#/schema/person/image/","url":"http://0.gravatar.com/avatar/f9425e6f5e44c33da515b06f92bf6ac3?s=96&d=mm&r=g","contentUrl":"http://0.gravatar.com/avatar/f9425e6f5e44c33da515b06f92bf6ac3?s=96&d=mm&r=g","caption":"Charlotte Pringuey-Cessac"},"logo":{"@id":"http://www.pringueycessac-charlotte.com/site/#/schema/person/image/"}},{"@type":"WebSite","@id":"http://www.pringueycessac-charlotte.com/site/#website","url":"http://www.pringueycessac-charlotte.com/site/","name":"Charlotte PRINGUEY-CESSAC","description":"","publisher":{"@id":"http://www.pringueycessac-charlotte.com/site/#/schema/person/80712bc6db2643df3376809312d54ef6"},"potentialAction":[{"@type":"SearchAction","target":{"@type":"EntryPoint","urlTemplate":"http://www.pringueycessac-charlotte.com/site/?s={search_term_string}"},"query-input":"required name=search_term_string"}],"inLanguage":"fr-FR"},{"@type":"ImageObject","inLanguage":"fr-FR","@id":"http://www.pringueycessac-charlotte.com/site/sculpture-2/2012-melancolia-i/#primaryimage","url":"http://www.pringueycessac-charlotte.com/site/wp-content/uploads/2019/08/melancolia1.jpg","contentUrl":"http://www.pringueycessac-charlotte.com/site/wp-content/uploads/2019/08/melancolia1.jpg","width":472,"height":625,"caption":"2012 - Melancolia - Sculpture en chêne carbonisé - Résidence en Lituanie"},{"@type":"WebPage","@id":"http://www.pringueycessac-charlotte.com/site/sculpture-2/2012-melancolia-i/#webpage","url":"http://www.pringueycessac-charlotte.com/site/sculpture-2/2012-melancolia-i/","name":"2012 Melancolia I - Charlotte PRINGUEY CESSAC","isPartOf":{"@id":"http://www.pringueycessac-charlotte.com/site/#website"},"primaryImageOfPage":{"@id":"http://www.pringueycessac-charlotte.com/site/sculpture-2/2012-melancolia-i/#primaryimage"},"datePublished":"2019-08-20T16:35:57+00:00","dateModified":"2025-07-08T15:31:26+00:00","description":"Charlotte Pringuey-Cessac, sculpture, 2012 - Melancolia - Sculpture en chêne carbonisé - Résidence en Lituanie","breadcrumb":{"@id":"http://www.pringueycessac-charlotte.com/site/sculpture-2/2012-melancolia-i/#breadcrumb"},"inLanguage":"fr-FR","potentialAction":[{"@type":"ReadAction","target":["http://www.pringueycessac-charlotte.com/site/sculpture-2/2012-melancolia-i/"]}]},{"@type":"BreadcrumbList","@id":"http://www.pringueycessac-charlotte.com/site/sculpture-2/2012-melancolia-i/#breadcrumb","itemListElement":[{"@type":"ListItem","position":1,"name":"Accueil","item":"http://www.pringueycessac-charlotte.com/site/"},{"@type":"ListItem","position":2,"name":"Sculpture","item":"http://www.pringueycessac-charlotte.com/site/sculpture-2/"},{"@type":"ListItem","position":3,"name":"2012 Melancolia I"}]}]}</script>
<!-- / Yoast SEO plugin. -->

Charlotte Pringuey-Cessac, sculpture, 2012 - Melancolia - Sculpture en chêne carbonisé - Résidence en Lituanie

2012 - Melancolia - Sculpture en chêne carbonisé - Résidence en Lituanie
