{"id":2,"date":"2019-06-14T17:33:37","date_gmt":"2019-06-14T15:33:37","guid":{"rendered":"http:\/\/www.pringueycessac-charlotte.com\/site\/?page_id=2"},"modified":"2025-07-16T22:06:31","modified_gmt":"2025-07-16T20:06:31","slug":"bio","status":"publish","type":"page","link":"http:\/\/www.pringueycessac-charlotte.com\/site\/bio\/","title":{"rendered":"Bio"},"content":{"rendered":"\n<div class=\"wp-block-image\"><figure class=\"alignleft is-resized\"><img loading=\"lazy\" src=\"http:\/\/www.pringueycessac-charlotte.com\/site\/wp-content\/uploads\/2019\/07\/PRINGUEY-CESSAC-CHARLOTTE-01-1500x843-1024x575-300x168.jpg\" alt=\"\" class=\"wp-image-796\" width=\"285\" height=\"160\"\/><\/figure><\/div>\n\n\n\n<p><\/p>\n\n\n\n<p><\/p>\n\n\n\n<p><\/p>\n\n\n\n<p><\/p>\n\n\n\n<div style=\"height:30px\" aria-hidden=\"true\" class=\"wp-block-spacer\"><\/div>\n\n\n\n<p><strong><u>CV \/ INFOS<\/u><\/strong><\/p>\n\n\n\n<p><strong>Charlotte Pringuey Cessac<\/strong><br>N\u00e9e le 12 Octobre 1981, \u00e0 Vincennes<\/p>\n\n\n\n<p>T\u00e9l\u00e9charger mon dossier au format <a href=\"http:\/\/www.pringueycessac-charlotte.com\/Dossier%202021%20pringuey-cessac-charlotte_web.pdf\"><strong>pdf<\/strong><\/a><\/p>\n\n\n\n<p>Charlotte Pringuey Cessac est dipl\u00f4m\u00e9e de la Villa Arson en 2007. L\u2019ann\u00e9e suivante, elle obtient un Master II dans le Patrimoine architectural aux Universit\u00e9s des lettres et des sciences humaines \u00e0 Nice et \u00e0 la Facolt\u00e0 di architettura de G\u00eanes en Italie. Ce qui lui offre la possibilit\u00e9 de travailler avec des chercheurs, des arch\u00e9ologues et des artisans.<\/p>\n\n\n\n<p>&nbsp;Partir de rencontres humaines, de d\u00e9couvertes scientifiques, de situations sp\u00e9cifiques permet \u00e0 Charlotte Pringuey Cessac d\u2019inscrire sa d\u00e9marche artistique dans un renouvellement permanent. In-situ, collaborative et\/ou en r\u00e9f\u00e9rence \u00e0 l\u2019histoire, sa pratique est r\u00e9solument prot\u00e9iforme. R\u00e9cemment expos\u00e9e au Mus\u00e9e de Terra Amata et \u00e0 la galerie contemporaine du MAMAC \u00e0 Nice, elle pr\u00e9sente une s\u00e9rie d\u2019installations : des prises d\u2019escalade en porcelaine repr\u00e9sentant des v\u00e9nus ou des outils lithiques vieux de 400 000 ans ; un son m\u00e9moriel en hommage au Bruit originaire de Rainer Maria Rilke ; des lignes de verre r\u00e9alis\u00e9es \u00e0 partir du dessin des sutures cr\u00e2niennes d\u2019un ni\u00e7ois du Haut Moyen-\u00c2ge ; une vid\u00e9o o\u00f9 une main dessine une ligne par l\u2019\u00e9crasement de charbon de bois, en r\u00e9sonance avec les dessins pari\u00e9taux de la Pr\u00e9histoire ; \u2026 Elle vient d\u2019achever le Projet NOMADE r\u00e9unissant 19 artistes autour d\u2019un projet collaboratif, itin\u00e9rant et participatif derni\u00e8rement pr\u00e9sent\u00e9 \u00e0 la Galerie Eva Vautier \u00e0 Nice.<\/p>\n\n\n\n<p>Charlotte Pringuey Cessac est une artiste dont l\u2019objectif est de b\u00e2tir des ponts entre diff\u00e9rents domaines et, ainsi, de rendre tangible un r\u00e9cit, une m\u00e9moire, une trace, \u2026&nbsp; &nbsp;<\/p>\n\n\n\n<p><em>Le travail de Charlotte Pringuey Cessac est caract\u00e9ris\u00e9 par un lien fort entre sujet et moyen.<\/em> Klaus Speidel, Philosophe, critique d\u2019art<\/p>\n\n\n\n<p><strong>EXPOSITIONS PERSONNELLES<\/strong><\/p>\n\n\n\n<p>2024<br>\u2022 Battre l\u2019oubli, La r\u00e9sistance de l\u2019intime<br>ACTE IV \u2013 Bruit originaire, Galerie Eva Vautier, Nice<br>2022<br>\u2022 Du bout des doigts, Aiguilles, Queyras<br>2021<br>\u2022 Banniel ou Le conseil, Lieux Mouvants, Ch\u00e2teau Le Coscro, Centre Bretagne<br>2019<br>\u2022 Bruit Originaire, Mamac, Terra Amata, Nice  \u2013 T\u00e9l\u00e9charger la <a href=\"http:\/\/www.pringueycessac-charlotte.com\/rdp.pdf\">revue de presse<\/a><br>2018<br>\u2022 INFRA, arch\u00e9ologie du corps ou comment les gestes b\u00e2tissent, CAC de Ch\u00e2teauvert, sortie de r\u00e9sidence Voyons Voir<br>2017<br>\u2022 \u00ab&nbsp;Il y a bien quelqu\u2019un qui finira par l\u2019amener quelque part&nbsp;\u00bb, Nuit de la Cr\u00e9ation, invitation de la Ville de Versailles, Versailles<br>2016<br>\u2022 Villa 42, Collectionneurs priv\u00e9s, Versailles<br>2015<br>\u2022 Variations, Galerie Eva Vautier, Nice<br>\n\u2022 BRUITS DE COULOIR, Installation dessin\u00e9e au charbon de bois\n12 x 2,50 x 1,50 m, Invitation : Alexandre Dufaye, Nice<br>\u2022 Dessins et Sculptures, Galerie Martagon, Malauc\u00e8ne<br>2014<br>\u2022 Primitif Aujourd\u2019hui, Site de TERRA AMATA, Mus\u00e9e de la pr\u00e9histoire, Nice<br>2013<br>\u2022 Black in Light, Banque Priv\u00e9e, Monte Carlo, Monaco<br>2010<br>\u2022 Les Visiteurs du Soir, Villa Rivoli, Nice<br>2002<br>\u2022 Mouvements, Paribas Banque Priv\u00e9e, Monaco<br>\u2022 Transparence, Priv\u00e9, Nice<\/p>\n\n\n\n<p><strong>EXPOSITIONS COLLECTIVES<\/strong><\/p>\n\n\n\n<p>2025<br>\u2022 Eclairage public, 109, Nice Projet immersif La cellule, invit\u00e9e par Isabelle Gillot, enseignante chercheuse et porteuse du projet, Campus Georges M\u00e9li\u00e8s, UCA, Cannes<br>\u2022 Sous nos pas, les riv\u00e8res, CIAC \/commissariat Galerie Eva Vautier, Carros<br>2024<br>\u2022 Projet nomade, La valise, Villa des Ombelles, Paris<br>2023<br>\u2022 Oh les 10 ans, Galerie Eva Vautier, Nice<br>\u2022 Pierre, ciseaux, papier, Galerie Hatzenberger, Bruxelles<br>\u2022 Projet Nomade, le jeu de cartes de voyage<br>R\u00e9sidence scolaire dans la Vall\u00e9e de la V\u00e9subie, Frac sud<br>Dans le cadre de l\u2019Olympiade culturelle, Minist\u00e8re de la culture<br>2021<br>\u2022 T\u00e9moins \u00e0 charge, Mac Arteum, Ch\u00e2teauneuf-le-Rouge<br> \u2022 L\u2019art \u00e0 l\u2019horizon, La Conciergerie\/commissariat Galerie Eva Vautier, La Motte-Servolex<br>\u2022 Projet Nomade, Galerie Eva Vautier, Nice<br>\u2022 Randonn\u00e9es c\u00e9lestes, H\u00f4tel Burrhus, Vaison-la-Romaine Aper\u00e7ues, Galerie Eva Vautier, Nice<br>2020<br>\u2022 Avec plaisir #3, Galerie Eva Vautier, Nice<br> 1 m\u00e8tre de distance, Galerie Eva Vautier, Nice<br>2019<br>\u2022 Avec plaisir #2, Galerie Eva Vautier, Nice<br>2018<br>\u2022 Tableaux Fant\u00f4mes, Villa Marguerite Yourcenar (Juin)<br>\u2022 La Piscine, Roubaix (novembre)<br>\u2022 Avec plaisir, Galerie Eva Vautier, Nice<br>2017<br>\u2022 Supervues, avec la Galerie Martagon, Hotel Burrhus, Vaison-la-Romaine<br>\u2022 Un mur, un dessein, Galerie Martagon, Malauc\u00e8ne<br>\u2022 Echo, sur l\u2019invitation d\u2019Alys Demeure, Penta Di Casinca, Corse<br>\u2022 Tableaux Fant\u00f4mes #6, MUba, du 37 avril au 18 septembre, Tourcoing<br>2016<br>\u2022 Tableaux Fant\u00f4mes #3\/#4\/#5, Bailleul et Lille<br>\u2022 Vent des For\u00eats, Meuse<br>\u2022 Impressions d\u2019ateliers, Centre international d\u2019art contemporain, Carros <br>2015<br>\u2022 Formats Raisins, Galerie Martagon, Malauc\u00e8ne<br>\u2022 Croquer, Mus\u00e9e ARTEUM, Chateauneuf Le Rouge, Aix<br>\u2022 Les Visiteurs du Soir, Galerie Eva Vautier, Nice<br>\u2022 Tableaux Fant\u00f4mes #2, Galerie du Fort de Mons-en-Bar\u0153ul<br>\u2022 A Une Ann\u00e9e Lumi\u00e8re, Galerie Eva Vautier, Nice<br>2014<br>\u2022 Tableaux Fant\u00f4mes, Galerie de la M\u00e9diath\u00e8que Dani\u00e8le Miterrand, Bailleul<br>\u2022 Concentration(s), Le 11, Roubaix<br>\u2022 En Suspen\u2019s, Galerie Eva Vautier, Nice<br>\u2022 10 ans, Espace \u00e0 Vendre, Nice<br>2013<br>\u2022 Drawing by Numbers, Espace \u00e0 Vendre, Nice<br>\u2022 La R\u00e9serve, Galerie Laure Roynette, Paris<br>2012<br>\u2022 M\u00e9tamorphoses, Galerie Laure Roynette, Paris<br>\u2022 Gravures de Poche, Ancien Coll\u00e8ge des J\u00e9suites, Reims<br>\u2022 No-Made, Villa Le Roc Fleuri, Cap D\u2019Ail<br>\u2022 La Po\u00e9tique de l\u2019Espace, Galerie DDC chez Laurent Mueller, Paris<br>2011<br>\u2022 L\u2019Arboretum, Roure<br>\u2022 Villa Le Roc Fleuri, Cap D\u2019ail<br>2010-11<br>\u2022 Le Salon de l\u2019Auto, Auto-Station, La Station, Nice<br>2010<br>\u2022 Clairs \u2013 Obscurs, UMAM, Ch\u00e2teau de Cagnes-Sur-Mer<br>2009-10<br>\u2022 Hypoth\u00e9tiques, commissariat Catherine Macchi, Atelier Soardi, Nice<br>\u2022 Traits noirs, Mus\u00e9e des Beaux-Arts Jules Ch\u00e9ret, Nice<br>2009<br>\u2022 Bas\u2019art, Festival du m\u00e9c\u00e9nat et de l\u2019art contemporain, Fr\u00e9jus<br>2008<br>\u2022 Biennale de N\u00eemes, Galerie La Salamandre<br>\u2022 On ne prend pas les m\u00eames et on recommence, Chapelle des P\u00e9nitents Blancs, Falicon<br>2007<br>\u2022 Tumbleweed II, Collectifs N202 et Le White Club, Museaav, Nice<br>\u2022 L\u2019Art c\u2019est renversant, Galeries Lafayette, Nice<br>\u2022 Tumbleweed, Collectifs N202 et Le White Club, Salzburg, Autriche<br>\u2022 G\u00e9n\u00e9ration 2007, Galerie de la Marine, Museaav, Nice<br>\u2022 Exposition des \u00e9tudiants, Galerie exp\u00e9rimentale, Villa Arson, Nice<br>2006<br>\u2022 Ne pas toucher au contour, commissariat Caroline Challan-Belval, Galerie exp\u00e9rimentale, Villa Arson, Nice<\/p>\n\n\n\n<p><strong>AIDES, PRIX, RESIDENCES<\/strong><\/p>\n\n\n\n<p>2025<br>\u2022 Festival plein air, autour de la th\u00e9matique de l astronomie, invit\u00e9e par Entre-deux, Guillaumes, Paca<br>2023<br>\u2022 R\u00e9sidence artistique en milieu scolaire, FRAC SUD, V\u00e9subie <br>2022<br>\u2022 Du bout des doigts \u2026 ou Comment les corps [qui] fa\u00e7onnent [me] fascinent<br>Installation in situ dans les montagnes du Queyras, R\u00e9sidence Bienvenue l\u00e0-haut, 05460 Aiguilles<br>\u2022 R\u00e9sidence Lieux Mouvants, Centre Bretagne<br> 2021<br>\u2022 R\u00e9sidence Metaxu, Toulon Soutiens financiers publics et priv\u00e9s pour la r\u00e9alisation du Projet Nomade<br>2020 <br>\u2022 Acquisition de 12 dessins, s\u00e9rie Rev, FRAC PACA <br>2019<br>\u2022 R\u00e9sidence \u00e0 l\u2019Ecole d\u2019art c\u00e9ramique, Vallauris <br>\u2022 Aide individuelle \u00e0 la cr\u00e9ation, DRAC PACA<br>2018<br>\u2022 R\u00e9sidence Voyons Voir, CAC, Ch\u00e2teauvert<br>2017<br>\u2022 R\u00e9sidence CCE \u00e0 l\u2019ENSA de Limoges<br>\u2022 R\u00e9sidence en Corse<br>2016<br>\u2022 R\u00e9sidence priv\u00e9e \u00e0 Versailles<br>2012<br>\u2022 R\u00e9sidence \u00e0 Anyskciai, en Lituanie<br>2011<br>\u2022 Aide \u00e0 la cr\u00e9ation, DRAC, Aix-en-Provence<br>2010<br>\u2022 Prix Bonnard, UMAM, Cagnes-sur-Mer<br>\u2022 La Foresti\u00e8re du Nord, m\u00e9c\u00e8ne, aide \u00e0 la production et \u00e0 l\u2019\u00e9dition, Igny<br>2004-05<br>\u2022 Bourse Erasmus, \u00e9change avec les Beaux-Arts de Hangzhou, Chine<\/p>\n\n\n\n<p><strong>FOIRES<\/strong><\/p>\n\n\n\n<p>2022 <br>\u2022 Par\u00e9\u00efdolie, Galerie Eva Vautier, Salon international du dessin, Marseille<br>2013 <br>\u2022 Slick (off de la FIAC), Paris<\/p>\n\n\n\n<p><strong>COLLECTIONS PUBLIQUES ET PRIV\u00c9ES<\/strong><\/p>\n\n\n\n<p>2012<br>\u2022 S\u00e9rie de gravures<br>\u2022 Sculpture \u00ab&nbsp;Melancoliaceae&nbsp;\u00bb<br>\u2022 Dessins<br>\u2022 Sculpture \u00ab&nbsp;Sph\u00e8re infinie&nbsp;\u00bb \u2013 charbon de bois<br>2011<br>\u2022 Dessin mural \u2013 charbon de bois (70m2), Hall de l\u2019\u00c9cole Sciences Po M\u00e9diterran\u00e9e, Ville de Menton<br>\u2022 Dessin \u2013 carr\u00e9 cont\u00e9 sur calque<br>\u2022 Paysage de nuages \u2013 tirage num\u00e9rique (56\u00d776 cm)<br>\u2022 Dessin \u2013 carr\u00e9 cont\u00e9 sur calque<br>2010<br>\u2022 Sculpture \u00abBall\u00bb \u2013 charbon de bois<br>\u2022 Dessin \u2013 carr\u00e9 cont\u00e9 sur papier calque<br>\u2022 Dessins \u2013 carr\u00e9 cont\u00e9 sur papier<br>2007<br>\u2022 Paysage de nuages \u2013 tirage num\u00e9rique (56\u00d776 cm)<br>\u2022 Arbre \u2013 Walldrawing in-situ (20m2)<br>2002<br>\u2022 Sans titre \u2013 Trompe l\u2019oeil (30m2)<br>\u2022 La Main \u2013 Huile sur toile<br>2001<br>\u2022 Sans titre \u2013 Trompe l\u2019oeil (12m2)<\/p>\n\n\n\n<p><strong>R\u00c9F\u00c9RENCES<\/strong><\/p>\n\n\n\n<p>Andrea Mantegna \/ Albrecht D\u00fcrer \/ William Turner \/ Gustave Dor\u00e9 \/ Auguste Rodin \/ Otto Dix \/ Henri Matisse \/ Mark Rothko \/ William Kentridge \/ Michel Foucault \/ Jacques Ranci\u00e8re \/ Gilles Deleuze \/ Gaston Bachelard \/ Sylvain Chomet \/ Christopher Wool<\/p>\n\n\n\n<p><strong>PUBLICATIONS<\/strong><\/p>\n\n\n\n<p>2021<br>\u2022 POLYGRAPHE(S) &#8211; Revue entre sciences humaines et cr\u00e9ation graphique, n\u00b03, L<em>a page blanche n\u2019existe pas : par\u00e9\u00efdolie et anamorphose, article co-\u00e9crit avec Bertrand Roussel, directeur du mus\u00e9e de Terra <\/em>Amata, Nice<br>2017<br>\u2022 C.N.R.S. le MAP GAMSAU &#8211; Marseille \/ site internet : Article Bruit originaire, jour n\u00e9es d\u2019acquisitions, entre patrimoine et recherche<br>2011<br>\u2022 CONGR\u00c8S ARCH\u00c9OLOGIQUE DE FRANCE \u2013 Nice et Alpes-Maritimes<br>Nice : Abbaye de Saint Pons ; p. 39\/40<br>2009<br>\u2022 INRAP \u2013 Op\u00e9ration des fouilles du tramway \u00e0 Nice dirig\u00e9e par Marc Bouiron :<br>Chap. 5. \u00c9tudes et Analyses de Fragments d\u2019Enduits Peints du XV\u00b0<br>\u2022 ARCH\u00c9AM \u2013 Revue arch\u00e9ologique : Dossier Sp\u00e9cial Abbaye de Saint Pons,<br>L\u2019\u00c9glise Abbatiale de Saint Pons \u00e0 Nice : un Exemple d\u2019Architecture Juvarrienne<br>2008<br>\u2022 M\u00c9MOIRE \u2013 Master II, Universit\u00e9 des Lettres et des Sciences Humaines \u00e0<br>Nice : L\u2019\u00c9glise Abbatiale de Saint Pons et l\u2019Ancien Monast\u00e8re<\/p>\n\n\n\n<p><strong>DOSSIERS DE PRESSE<\/strong><\/p>\n\n\n\n<p>2012<br>\u2022 Charlotte Pringuey Cessac, Art C\u00f4te d\u2019Azur, p.22-p.24<br>2011<br>\u2022 Inauguration de l\u2019\u00c9cole Sciences Po M\u00e9diterran\u00e9e, Menton Magazine, n\u00b0113, p.7<br>2010-11<br>\u2022 LE SALON DE L\u2019AUTO, La Station, Pauline Thyss<br>2010<br>\u2022 Biennale de l\u2019U.M.A.M. \u2013 C. Lemesle et J.P. Roubaud<br>2009<br>\u2022 Hypoth\u00e9tiques \u2013 Catherine Macchi, Alina Gavril<br>2007<br>\u2022 G\u00e9n\u00e9ration 2007 \u2013 Pauline Thyss, Klaus Speidel<br>2006<br>\u2022 Ne pas toucher au contour \u2013 Klaus Speidel<\/p>\n\n\n\n<p><strong>CATALOGUES INDIVIDUELS<\/strong><\/p>\n\n\n\n<p>2021<br>\u2022 Projet Nomade, auto-\u00e9dition<br> 2019<br>\u2022 Bruit originaire, exposition personnelle \u00e0 Terra Amata et \u00e0 la galerie contemporaine du MAMAC, Nice &#8211; co-\u00e9dition avec le soutien de la galerie Eva Vautier<br> 2011<br>\u2022 Prix Bonnard 2010, Kanesuiban 2011, \u00c9ditions U.M.A.M.<br>2010<br>\u2022 Trames de l\u2019imaginaire, Charlotte Pringuey Cessac, Dessins et sculptures, \u00c9ditions La Foresti\u00e8re du Nord<\/p>\n\n\n\n<p><strong>CATALOGUES COLLECTIFS<\/strong><\/p>\n\n\n\n<p>2012<br>\u2022 La Po\u00e9tique de l\u2019Espace, Galerie DDC, \u00c9ditions Galerie DDC<br>2010<br>\u2022 Clairs-Obscurs, Biennale U.M.A.M. 2010, \u00c9ditions de la ville de Cagnes-sur-Mer<br>2009<br>\u2022 Traits Noirs, Moo Chew Wong et ses invit\u00e9s, \u00c9ditions de la Ville de Nice<br>2007<br>\u2022 G\u00e9n\u00e9ration 2007, \u00c9dition Analogues<br>\u2022 Tumbleweed, \u00c9dition EVA<\/p>\n\n\n\n<p><strong>FORMATION<\/strong><\/p>\n\n\n\n<p>2007-08<br>\u2022 Universit\u00e9 des Lettres et des Sciences Humaines \u2013 Nice et G\u00eanes, Master II bilingue franco-Italien, Patrimoine Architectural \u2013 Mention B, TB au m\u00e9moire<br>2001-07<br>\u2022 Villa Arson \u2013 Beaux-Arts de Nice, DNSEP (2007), DNAP (2004)<br>1999-01<br>\u2022 Villa Thiole \u2013 Nice, \u00c9cole pr\u00e9paratoire et ateliers de Patrice Giuge et Marc Lavalle<br>1999<br>\u2022 Baccalaur\u00e9at Litt\u00e9raire, Mention, Lyc\u00e9e Calmette, Nice<\/p>\n","protected":false},"excerpt":{"rendered":"<p>CV \/ INFOS Charlotte Pringuey CessacN\u00e9e le 12 Octobre 1981,&#8230;<\/p>\n","protected":false},"author":1,"featured_media":0,"parent":0,"menu_order":0,"comment_status":"closed","ping_status":"open","template":"","meta":{"ngg_post_thumbnail":0},"yoast_head":"<!-- This site is optimized with the Yoast SEO plugin v18.8 - https:\/\/yoast.com\/wordpress\/plugins\/seo\/ -->\n<title>Bio - Charlotte PRINGUEY CESSAC<\/title>\n<meta name=\"description\" content=\"Charlotte Pringuey-Cessac, biographie, expositions personnelles,expostions collectives, publications, collections, r\u00e9sidences, formation\" \/>\n<meta name=\"robots\" content=\"index, follow, max-snippet:-1, max-image-preview:large, max-video-preview:-1\" \/>\n<link rel=\"canonical\" href=\"http:\/\/www.pringueycessac-charlotte.com\/site\/bio\/\" \/>\n<meta property=\"og:locale\" content=\"fr_FR\" \/>\n<meta property=\"og:type\" content=\"article\" \/>\n<meta property=\"og:title\" content=\"Bio - Charlotte PRINGUEY CESSAC\" \/>\n<meta property=\"og:description\" content=\"Charlotte Pringuey-Cessac, biographie, expositions personnelles,expostions collectives, publications, collections, r\u00e9sidences, formation\" \/>\n<meta property=\"og:url\" content=\"http:\/\/www.pringueycessac-charlotte.com\/site\/bio\/\" \/>\n<meta property=\"og:site_name\" content=\"Charlotte PRINGUEY CESSAC\" \/>\n<meta property=\"article:modified_time\" content=\"2025-07-16T20:06:31+00:00\" \/>\n<meta property=\"og:image\" content=\"http:\/\/www.pringueycessac-charlotte.com\/site\/wp-content\/uploads\/2019\/07\/PRINGUEY-CESSAC-CHARLOTTE-01-1500x843-1024x575-300x168.jpg\" \/>\n<meta name=\"twitter:card\" content=\"summary_large_image\" \/>\n<meta name=\"twitter:label1\" content=\"Dur\u00e9e de lecture estim\u00e9e\" \/>\n\t<meta name=\"twitter:data1\" content=\"9 minutes\" \/>\n<script type=\"application\/ld+json\" class=\"yoast-schema-graph\">{\"@context\":\"https:\/\/schema.org\",\"@graph\":[{\"@type\":[\"Person\",\"Organization\"],\"@id\":\"http:\/\/www.pringueycessac-charlotte.com\/site\/#\/schema\/person\/80712bc6db2643df3376809312d54ef6\",\"name\":\"Charlotte Pringuey-Cessac\",\"image\":{\"@type\":\"ImageObject\",\"inLanguage\":\"fr-FR\",\"@id\":\"http:\/\/www.pringueycessac-charlotte.com\/site\/#\/schema\/person\/image\/\",\"url\":\"http:\/\/0.gravatar.com\/avatar\/f9425e6f5e44c33da515b06f92bf6ac3?s=96&d=mm&r=g\",\"contentUrl\":\"http:\/\/0.gravatar.com\/avatar\/f9425e6f5e44c33da515b06f92bf6ac3?s=96&d=mm&r=g\",\"caption\":\"Charlotte Pringuey-Cessac\"},\"logo\":{\"@id\":\"http:\/\/www.pringueycessac-charlotte.com\/site\/#\/schema\/person\/image\/\"}},{\"@type\":\"WebSite\",\"@id\":\"http:\/\/www.pringueycessac-charlotte.com\/site\/#website\",\"url\":\"http:\/\/www.pringueycessac-charlotte.com\/site\/\",\"name\":\"Charlotte PRINGUEY-CESSAC\",\"description\":\"\",\"publisher\":{\"@id\":\"http:\/\/www.pringueycessac-charlotte.com\/site\/#\/schema\/person\/80712bc6db2643df3376809312d54ef6\"},\"potentialAction\":[{\"@type\":\"SearchAction\",\"target\":{\"@type\":\"EntryPoint\",\"urlTemplate\":\"http:\/\/www.pringueycessac-charlotte.com\/site\/?s={search_term_string}\"},\"query-input\":\"required name=search_term_string\"}],\"inLanguage\":\"fr-FR\"},{\"@type\":\"ImageObject\",\"inLanguage\":\"fr-FR\",\"@id\":\"http:\/\/www.pringueycessac-charlotte.com\/site\/bio\/#primaryimage\",\"url\":\"http:\/\/www.pringueycessac-charlotte.com\/site\/wp-content\/uploads\/2019\/07\/PRINGUEY-CESSAC-CHARLOTTE-01-1500x843-1024x575-300x168.jpg\",\"contentUrl\":\"http:\/\/www.pringueycessac-charlotte.com\/site\/wp-content\/uploads\/2019\/07\/PRINGUEY-CESSAC-CHARLOTTE-01-1500x843-1024x575-300x168.jpg\"},{\"@type\":\"WebPage\",\"@id\":\"http:\/\/www.pringueycessac-charlotte.com\/site\/bio\/#webpage\",\"url\":\"http:\/\/www.pringueycessac-charlotte.com\/site\/bio\/\",\"name\":\"Bio - Charlotte PRINGUEY CESSAC\",\"isPartOf\":{\"@id\":\"http:\/\/www.pringueycessac-charlotte.com\/site\/#website\"},\"primaryImageOfPage\":{\"@id\":\"http:\/\/www.pringueycessac-charlotte.com\/site\/bio\/#primaryimage\"},\"datePublished\":\"2019-06-14T15:33:37+00:00\",\"dateModified\":\"2025-07-16T20:06:31+00:00\",\"description\":\"Charlotte Pringuey-Cessac, biographie, expositions personnelles,expostions collectives, publications, collections, r\u00e9sidences, formation\",\"breadcrumb\":{\"@id\":\"http:\/\/www.pringueycessac-charlotte.com\/site\/bio\/#breadcrumb\"},\"inLanguage\":\"fr-FR\",\"potentialAction\":[{\"@type\":\"ReadAction\",\"target\":[\"http:\/\/www.pringueycessac-charlotte.com\/site\/bio\/\"]}]},{\"@type\":\"BreadcrumbList\",\"@id\":\"http:\/\/www.pringueycessac-charlotte.com\/site\/bio\/#breadcrumb\",\"itemListElement\":[{\"@type\":\"ListItem\",\"position\":1,\"name\":\"Accueil\",\"item\":\"http:\/\/www.pringueycessac-charlotte.com\/site\/\"},{\"@type\":\"ListItem\",\"position\":2,\"name\":\"Bio\"}]}]}<\/script>\n<!-- \/ Yoast SEO plugin. -->","yoast_head_json":{"title":"Bio - Charlotte PRINGUEY CESSAC","description":"Charlotte Pringuey-Cessac, biographie, expositions personnelles,expostions collectives, publications, collections, r\u00e9sidences, formation","robots":{"index":"index","follow":"follow","max-snippet":"max-snippet:-1","max-image-preview":"max-image-preview:large","max-video-preview":"max-video-preview:-1"},"canonical":"http:\/\/www.pringueycessac-charlotte.com\/site\/bio\/","og_locale":"fr_FR","og_type":"article","og_title":"Bio - Charlotte PRINGUEY CESSAC","og_description":"Charlotte Pringuey-Cessac, biographie, expositions personnelles,expostions collectives, publications, collections, r\u00e9sidences, formation","og_url":"http:\/\/www.pringueycessac-charlotte.com\/site\/bio\/","og_site_name":"Charlotte PRINGUEY CESSAC","article_modified_time":"2025-07-16T20:06:31+00:00","og_image":[{"url":"http:\/\/www.pringueycessac-charlotte.com\/site\/wp-content\/uploads\/2019\/07\/PRINGUEY-CESSAC-CHARLOTTE-01-1500x843-1024x575-300x168.jpg"}],"twitter_card":"summary_large_image","twitter_misc":{"Dur\u00e9e de lecture estim\u00e9e":"9 minutes"},"schema":{"@context":"https:\/\/schema.org","@graph":[{"@type":["Person","Organization"],"@id":"http:\/\/www.pringueycessac-charlotte.com\/site\/#\/schema\/person\/80712bc6db2643df3376809312d54ef6","name":"Charlotte Pringuey-Cessac","image":{"@type":"ImageObject","inLanguage":"fr-FR","@id":"http:\/\/www.pringueycessac-charlotte.com\/site\/#\/schema\/person\/image\/","url":"http:\/\/0.gravatar.com\/avatar\/f9425e6f5e44c33da515b06f92bf6ac3?s=96&d=mm&r=g","contentUrl":"http:\/\/0.gravatar.com\/avatar\/f9425e6f5e44c33da515b06f92bf6ac3?s=96&d=mm&r=g","caption":"Charlotte Pringuey-Cessac"},"logo":{"@id":"http:\/\/www.pringueycessac-charlotte.com\/site\/#\/schema\/person\/image\/"}},{"@type":"WebSite","@id":"http:\/\/www.pringueycessac-charlotte.com\/site\/#website","url":"http:\/\/www.pringueycessac-charlotte.com\/site\/","name":"Charlotte PRINGUEY-CESSAC","description":"","publisher":{"@id":"http:\/\/www.pringueycessac-charlotte.com\/site\/#\/schema\/person\/80712bc6db2643df3376809312d54ef6"},"potentialAction":[{"@type":"SearchAction","target":{"@type":"EntryPoint","urlTemplate":"http:\/\/www.pringueycessac-charlotte.com\/site\/?s={search_term_string}"},"query-input":"required name=search_term_string"}],"inLanguage":"fr-FR"},{"@type":"ImageObject","inLanguage":"fr-FR","@id":"http:\/\/www.pringueycessac-charlotte.com\/site\/bio\/#primaryimage","url":"http:\/\/www.pringueycessac-charlotte.com\/site\/wp-content\/uploads\/2019\/07\/PRINGUEY-CESSAC-CHARLOTTE-01-1500x843-1024x575-300x168.jpg","contentUrl":"http:\/\/www.pringueycessac-charlotte.com\/site\/wp-content\/uploads\/2019\/07\/PRINGUEY-CESSAC-CHARLOTTE-01-1500x843-1024x575-300x168.jpg"},{"@type":"WebPage","@id":"http:\/\/www.pringueycessac-charlotte.com\/site\/bio\/#webpage","url":"http:\/\/www.pringueycessac-charlotte.com\/site\/bio\/","name":"Bio - Charlotte PRINGUEY CESSAC","isPartOf":{"@id":"http:\/\/www.pringueycessac-charlotte.com\/site\/#website"},"primaryImageOfPage":{"@id":"http:\/\/www.pringueycessac-charlotte.com\/site\/bio\/#primaryimage"},"datePublished":"2019-06-14T15:33:37+00:00","dateModified":"2025-07-16T20:06:31+00:00","description":"Charlotte Pringuey-Cessac, biographie, expositions personnelles,expostions collectives, publications, collections, r\u00e9sidences, formation","breadcrumb":{"@id":"http:\/\/www.pringueycessac-charlotte.com\/site\/bio\/#breadcrumb"},"inLanguage":"fr-FR","potentialAction":[{"@type":"ReadAction","target":["http:\/\/www.pringueycessac-charlotte.com\/site\/bio\/"]}]},{"@type":"BreadcrumbList","@id":"http:\/\/www.pringueycessac-charlotte.com\/site\/bio\/#breadcrumb","itemListElement":[{"@type":"ListItem","position":1,"name":"Accueil","item":"http:\/\/www.pringueycessac-charlotte.com\/site\/"},{"@type":"ListItem","position":2,"name":"Bio"}]}]}},"_links":{"self":[{"href":"http:\/\/www.pringueycessac-charlotte.com\/site\/wp-json\/wp\/v2\/pages\/2"}],"collection":[{"href":"http:\/\/www.pringueycessac-charlotte.com\/site\/wp-json\/wp\/v2\/pages"}],"about":[{"href":"http:\/\/www.pringueycessac-charlotte.com\/site\/wp-json\/wp\/v2\/types\/page"}],"author":[{"embeddable":true,"href":"http:\/\/www.pringueycessac-charlotte.com\/site\/wp-json\/wp\/v2\/users\/1"}],"replies":[{"embeddable":true,"href":"http:\/\/www.pringueycessac-charlotte.com\/site\/wp-json\/wp\/v2\/comments?post=2"}],"version-history":[{"count":29,"href":"http:\/\/www.pringueycessac-charlotte.com\/site\/wp-json\/wp\/v2\/pages\/2\/revisions"}],"predecessor-version":[{"id":3344,"href":"http:\/\/www.pringueycessac-charlotte.com\/site\/wp-json\/wp\/v2\/pages\/2\/revisions\/3344"}],"wp:attachment":[{"href":"http:\/\/www.pringueycessac-charlotte.com\/site\/wp-json\/wp\/v2\/media?parent=2"}],"curies":[{"name":"wp","href":"https:\/\/api.w.org\/{rel}","templated":true}]}}